*v**2 + 7*v + 15. What is d(-6)?
9
Let c(t) = -117*t + 12. Calculate c(1).
-105
Let z(f) = -33*f + 74. Give z(2).
8
Let g(z) = 2*z**2 - 30*z + 30. Give g(14).
2
Let a(x) = -x**3 - 45*x**2 - 88*x - 88. What is a(-43)?
-2
Let y(o) = -2*o**2 - 8*o - 7. Calculate y(-2).
1
Let n(f) = -f**3 - 7*f**2 + 7*f - 5. Calculate n(-8).
3
Let z(v) = -v**3 - 10*v**2 + 26*v + 27. What is z(-12)?
3
Let p(z) = -45*z - 16. Calculate p(-1).
29
Let y(n) = -19*n - 101. Determine y(-7).
32
Let z(m) = -7*m + 87. Determine z(13).
-4
Let n(i) = -3*i - 6. Calculate n(-10).
24
Let q(i) = -i**3 - 5*i**2 - 6*i - 1. Give q(-4).
7
Let x(f) = -6*f**2 + f - 2. Determine x(1).
-7
Let q(c) = -c**3 + 3*c**2 + 8*c + 2. What is q(-2)?
6
Let k(l) = -2*l - 2. Calculate k(6).
-14
Let z(y) = -2*y**3 - 6*y**2 + 6*y - 2. Give z(-3).
-20
Let b(f) = -2*f**3 - 9*f**2 + 4*f + 2. Calculate b(-5).
7
Let f(g) = g**3 - 6*g**2 + 4*g + 3. Calculate f(5).
-2
Let g(a) = -a**3 + 4*a**2 + 3*a - 4. Determine g(5).
-14
Let t(c) = c**3 - 3*c**2 + 3*c + 9. Calculate t(-2).
-17
Let d(u) = -u**2 + 21*u - 2. Give d(12).
106
Let s(c) = c**3 - 2*c**2 + c - 1. Determine s(1).
-1
Let l(k) = -5*k**3 - 22*k**2 - 7*k + 2. Give l(-4).
-2
Let l(c) = 91*c - 7. What is l(-1)?
-98
Let x(l) = -l**3 + 13*l**2 - 12*l - 6. Determine x(12).
-6
Let r(m) = m + 1. Give r(2).
3
Let x(a) = a**3 - 7*a**2 + 2*a - 2. What is x(7)?
12
Let f(l) = -l**3 - l**2 + 3*l. Determine f(-3).
9
Let d(r) = -17*r**3 + r**2. What is d(-1)?
18
Let j(h) = h. Calculate j(7).
7
Let p(l) = -l**3 + 10*l**2 - 8. What is p(10)?
-8
Let h(m) = m**2 - 57*m + 311. Determine h(51).
5
Let u(a) = a**2 + a - 4. Calculate u(-4).
8
Let i(z) = z**3 - 6*z**2 - 2*z - 2. Determine i(6).
-14
Let f(b) = -b**3 - 14*b**2 - 16*b - 21. What is f(-13)?
18
Let v(h) = h**3 + 14*h**2 + 32*h - 20. Give v(-11).
-9
Let v(a) = -a**3 - 5*a**2 + 18*a + 3. What is v(3)?
-15
Let b(u) = -u**2 + 10*u - 14. Determine b(9).
-5
Let i(p) = 3*p**3 + p**2 + p. Give i(-1).
-3
Let z(u) = u**3 - u**2 - 25*u + 4. Calculate z(5).
-21
Let o(r) = 2*r**2 + 4*r - 32. What is o(4)?
16
Let h(m) = -m**3 - 13*m**2 + 31*m - 22. Calculate h(-15).
-37
Let n(z) = -6*z**3 + 2*z**2 - z. Give n(1).
-5
Let a(i) = -i**3 - 10*i**2 - 13*i + 12. Give a(-8).
-12
Let r(d) = -d**3 - 3*d**2 + 4*d + 1. Determine r(-4).
1
Let k(s) = -5*s**2 + 38*s - 19. Give k(7).
2
Let h(v) = -45*v - 850. Determine h(-19).
5
Let i(q) = q**3 - 9*q**2 - 13*q + 11. Calculate i(10).
-19
Let k(d) = d. What is k(-2)?
-2
Let f(n) = -n**3 - 4*n**2 + 16. What is f(-3)?
7
Let n(d) = -4*d - 98. What is n(-26)?
6
Let v(d) = d**3 + 13*d**2 + d - 18. What is v(-13)?
-31
Let o(p) = p**2 - 2*p - 11. Calculate o(-5).
24
Let y(m) = -45*m**2 + m. What is y(1)?
-44
Let t(g) = -g**3 - 9*g**2 - 7*g. What is t(-8)?
-8
Let p(f) = 3*f + 2. Calculate p(6).
20
Let s(t) = t**2 - 2*t - 8. Determine s(6).
16
Let j(o) = -4*o - 17. What is j(5)?
-37
Let h(j) = 5*j**3 + 3*j**2 - 2. Determine h(-1).
-4
Let m(i) = 5*i**2 + 4*i - 2. What is m(2)?
26
Let t(k) = -k**3 - 3*k**2 + 2*k + 2. What is t(-3)?
-4
Let j(p) = -2*p**3 + 3*p**2 - 31*p + 66. Determine j(2).
0
Let p(o) = 4*o**2 - 7*o. Give p(4).
36
Let r(n) = -3*n**3 - 2*n**2 - n + 1. What is r(-2)?
19
Let z(n) = -2*n**2 - 5*n - 10. Give z(-4).
-22
Let x(j) = -3*j - 25. Calculate x(-12).
11
Let u(s) = 108*s**3 - 5*s - 5. Calculate u(-1).
-108
Let w(p) = -3*p + 37. Give w(12).
1
Let t(b) = 6*b - 18. Determine t(6).
18
Let z(j) = j**3 - 18*j**2 - 42*j - 19. Calculate z(20).
-59
Let t(i) = -3*i**2 + i - 2. Determine t(1).
-4
Let m(q) = -q**2 + 4*q + 20. Calculate m(8).
-12
Let i(d) = -d**2 - 4*d - 4. What is i(-3)?
-1
Let m(v) = -v**3 + 8*v**2 + 6*v - 11. Determine m(8).
37
Let b(q) = -q**3 + 5*q**2 + 9*q - 6. What is b(7)?
-41
Let z(o) = 44*o**3 + o**2 - 1. What is z(1)?
44
Let t(a) = -4*a**2 + 3*a - 1. Give t(-3).
-46
Let v(d) = -d**3 + 3*d**2 + 4*d - 11. What is v(0)?
-11
Let r(x) = x**2 + 8*x - 13. Give r(-7).
-20
Let a(s) = 3*s + 3. Determine a(-7).
-18
Let o(a) = -a + 2. Calculate o(-6).
8
Let l(p) = p**2 - 4*p - 4. What is l(6)?
8
Let t(a) = -a**3 + 5*a**2 - 3*a + 3. Calculate t(4).
7
Let p(k) = 4*k**2 + 20*k - 27. Give p(-7).
29
Let q(h) = -4*h**2 + 113*h - 2. Determine q(28).
26
Let n(b) = b**3 - 5*b**2 - 14*b + 51. Determine n(6).
3
Let v(l) = l**2 - l + 3. What is v(-3)?
15
Let j(a) = 31*a**2 - 8*a + 8. Give j(1).
31
Let s(r) = -r**3 + r. Determine s(1).
0
Let k(v) = -8*v**2 + 2*v + 2. What is k(-1)?
-8
Let x(z) = -z**3 + z - 30. What is x(0)?
-30
Let s(c) = 3*c + 11. Give s(-11).
-22
Let h(a) = 2*a**2 - 26*a + 13. What is h(12)?
-11
Let k(f) = f**3 + 8*f**2 + 4*f + 8. What is k(-8)?
-24
Let i(y) = -y**3 - 9*y**2 + 43*y + 11. What is i(-12)?
-73
Let u(q) = -16*q + 7. Calculate u(2).
-25
Let v(g) = g**3 - 22*g**2 + 20*g + 27. Determine v(21).
6
Let y(g) = -2*g**3 - 29*g**2 - 14*g + 5. Determine y(-14).
5
Let g(k) = 11*k - 215. Give g(19).
-6
Let v(i) = 7*i - 13. What is v(6)?
29
Let o(u) = 13*u - 114. Determine o(0).
-114
Let k(v) = -5*v - 7. Calculate k(-1).
-2
Let d(h) = 22*h - 109. Determine d(5).
1
Let m(x) = -x**3 - 4*x**2 + x. Determine m(-2).
-10
Let c(g) = 6*g - 27. Calculate c(7).
15
Let g(f) = 16*f - 19. What is g(1)?
-3
Let w(s) = s**2 + 8*s + 9. Give w(-5).
-6
Let x(z) = 5*z + 125. Determine x(-22).
15
Let o(r) = -7*r + 18. Determine o(3).
-3
Let a(h) = -12*h + 54. Determine a(5).
-6
Let x(m) = m**3 - 4*m**2 + 12*m - 14. Calculate x(6).
130
Let d(g) = -g - 39. Give d(-24).
-15
Let g(v) = v**3 + 11*v**2 + 6*v - 46. Give g(-10).
-6
Let u(r) = 7*r**2 - r + 3. Determine u(-1).
11
Let b(i) = i**2 + 10*i - 8. Give b(-6).
-32
Let a(m) = -m**2 + 27*m - 27. What is a(23)?
65
Let z(v) = v**3 + 15*v**2 + 14*v - 10. What is z(-14)?
-10
Let b(y) = y**2 - 3*y. Give b(4).
4
Let j(r) = r + 3. Calculate j(-3).
0
Let g(i) = i**3 + 10*i**2 + 24*i + 10. Determine g(-2).
-6
Let v(x) = x**2 + 7*x + 3. Calculate v(-7).
3
Let w(h) = 3*h + 7. What is w(-5)?
-8
Let o(s) = -6*s**2 - 3*s + 4. What is o(2)?
-26
Let z(m) = -2*m**3 + 12*m**2 - 2*m + 21. Give z(6).
9
Let c(v) = -v**3 - 4*v**2 - 3*v - 7. Give c(-3).
-7
Let t(r) = -8*r**2 + 4*r - 5. Give t(2).
-29
Let t(d) = -4*d**2 + 2*d - 3. Calculate t(1).
-5
Let o(k) = -16*k - 3. Determine o(2).
-35
Let j(f) = -f**3 - 6*f**2 - 4*f + 5. Give j(-5).
0
Let s(q) = -2*q**3 + 2*q**2 + 3*q - 12. Calculate s(2).
-14
Let k(i) = i**2 + 14*i - 28. Calculate k(-16).
4
Let v(c) = c**2 - 5*c - 1. What is v(8)?
23
Let x(f) = -5*f - 3. Determine x(-2).
7
Let w(i) = 13*i - 7. Determine w(0).
-7
Let f(q) = -2*q**2 - 22*q - 4. Determine f(-11).
-4
Let i(h) = h**2 - 12*h + 15. Determine i(6).
-21
Let c(l) = 16*l. Calculate c(-4).
-64
Let i(w) = -w**2 + 5*w + 10. Give i(9).
-26
Let i(v) = -5*v - 16. Determine i(-17).
69
Let k(p) = -p + 8. Calculate k(-3).
11
Let i(l) = 33*l - 19. Give i(3).
80
Let s(r) = r**3 + 6*r**2 + 6*r + 2. Give s(-5).
-3
Let i(g) = -2*g + 20. Determine i(9).
2
Let z(x) = x**3 + 9*x**2 - 11*x - 3. Give z(-10).
7
Let z(s) = -s**2 - 15*s + 19. Determine z(-9).
73
Let u(c) = c**3 - 48*c**2 + 95*c - 139. Determine u(46).
-1
Let a(d) = -2*d**2 + 5*d + 6. Determine a(3).
3
Let x(b) = 14*b + 7. Determine x(3).
49
Let r(v) = v**3 - 37*v**2 - 119*v - 44. Calculate r(40).
-4
Let q(y) = -4*y**2 + 94*y + 47. What is q(24)?
-1
Let v(k) = -4*k**3 - 3*k**2 + 3*k - 2. What is v(2)?
-40
Let g(u) = -3*u**2 - u + 4. What is g(-3)?
-20
Let i(n) = -2*n - 23. Determine i(-11).
-1
Let v(u) = -2*u**2 - 8*u - 40. Determine v(-4).
-40
Let n(t) = t**3 + 6*t**2 + 4*t. What is n(-6)?
-24
Let b(c) = -c**2 + 10*c + 27. Give b(11).
16
Let l(o) = -20*o**3 - 1. What is l(-1)?
19
Let f(p) = -p - 2. Calculate f(0).
-2
Let r(n) = -n**2 - 19*n - 73. Calculate r(-4).
-13
Let h(q) = -2*q**3 + 23*q**2 - 12*q + 8. What is h(11)?
-3
Let d(a) = -7*a + 122. What is d(17)?
3
Let f(v) = -v**2 + 13*v - 24. What is f(10)?
6
Let k(j) = 9*j**3 - 162*j**2 - j + 16. Give k(18).
-2
Let q(z) = z**3 - 7*z**2 - 8*z - 6. Calculate q(8).
-6
Let y(k) = 19*k**3 + 2*k**2 + 3*k + 2. Determine y(-2).
-148
Let p(f) = f**3 - 22*f**2 - 27*f + 40. Determine p(23).
-52
Let k(v) = v**3 - 8*v**2 + 17*v + 2. Calculate k(5).
12
Let y(p) = p**2 + 2*p - 18. Determine y(-7).
17
Let x(a) = -a - 1. What is x(-2)?
1
Let q(s) = s - 9. Give q(7).
-2
Let p(b) = 